= -20548 + 41019. What are the prime factors of s?
11, 1861
Suppose -3*s + 34 = j, 4*s - 2*j + 26 - 88 = 0. Let p = 597 + s. List the prime factors of p.
2, 5, 61
Let h = 56614 - 15816. What are the prime factors of h?
2, 20399
Suppose 0 = -3213*b + 3205*b + 40. Suppose 3*o + 75 = -4*k - 0*k, 0 = 2*k - 5*o + 5. List the prime factors of (-1)/b - 108/k.
7
Suppose 3*l + 3550 - 10773 = 2*u, -3*l = -u - 7219. What are the prime factors of l?
5, 13, 37
Let n = 7016 + 1303. List the prime factors of n.
3, 47, 59
Suppose 10 = -n - 4*n. List the prime factors of 8/(-1)*(-3 + 161/n).
2, 167
Suppose 0 = -473*g + 475*g + 32. What are the prime factors of 180 + -1 - (23 + g)?
2, 43
Suppose 6065 = -0*l + 5*l. List the prime factors of l.
1213
Suppose 4*l = 2*l + 10. Let y be (-2)/l - ((-18)/15)/3. Suppose y*g = 4*g - 364. What are the prime factors of g?
7, 13
What are the prime factors of (-18 - 293128/(-8)) + 17?
2, 5, 229
Let r(p) = -8*p**2 + 9*p + 0*p**2 + 5*p**3 + 2 + 9*p**3 - 13*p**3. Let o be r(8). Let u = -66 + o. List the prime factors of u.
2
Let n = -459 + 793. Let c = 669 - n. What are the prime factors of c?
5, 67
Let t(z) be the first derivative of z**3/3 + 3*z**2/2 - 255. List the prime factors of t(3).
2, 3
Let u(p) = 10*p**3 + 6*p**2 + 17*p - 46. Let w(j) = 2*j**3 + j**2 - j. Let o(d) = u(d) - 3*w(d). List the prime factors of o(6).
2, 523
Let v = 117 - 112. Let x = 132 + 3. Suppose 5*g - 5 = 0, x + 100 = 5*d + v*g. What are the prime factors of d?
2, 23
Suppose k - 59 = 1842. Let z = k - 2951. List the prime factors of (z/56)/((-6)/16).
2, 5
Let l be 0 + 0 - 18/9. List the prime factors of 42/(-10)*l*70.
2, 3, 7
List the prime factors of ((-6)/4)/(-1 + (-1025565)/(-1025610)).
17, 2011
Let u(w) = 821*w - 970. What are the prime factors of u(16)?
2, 7, 11, 79
Let y = 36678 - 8805. Suppose -8*b + 27*b = y. What are the prime factors of b?
3, 163
Suppose -c - 5*l - 22 = 0, -2*l - 17 = c + 2*l. Suppose c*b = 2*b. Suppose -4*x + 300 = 3*s, b = 3*s - s - x - 200. What are the prime factors of s?
2, 5
Suppose 4*m = d + 5*m + 4377, 4*m = 12. Suppose 18*i - 252 = -0*i. List the prime factors of (-4)/i + d/(-42).
2, 13
Let q be (21 + (-10)/(-5))*150/6. Suppose q = h - 4*j + 6*j, -3*h = -4*j - 1675. What are the prime factors of h?
5, 113
Let g = 44 + -46. Let w be 0/(-3) - g - -10. List the prime factors of 180/3*w/30.
2, 3
Let j = 125512 - 58884. What are the prime factors of j?
2, 16657
Let f(n) = n**3 + 10*n**2 + 26*n + 15. Let y be f(-7). What are the prime factors of (-510)/25*1*y?
2, 3, 17
Let j = 50 - 201. Suppose 2*s = 458 - 22. Let y = j + s. List the prime factors of y.
67
Suppose -3*h = 2*h + 2*l, -5*h = -3*l + 25. Let a(b) = -9*b - 39. Let y be a(-5). What are the prime factors of (-51)/h*8/y?
2, 17
Let f(p) = 8*p**2 + 777*p**3 - 10*p + 768 - 1533 + 767. What are the prime factors of f(1)?
3, 7, 37
Let g = -19 + 19. Suppose 5*q - 15 = -f - g*f, 9 = 3*q + f. What are the prime factors of (621/3)/q - -4?
73
Let g(v) = 7*v**3 + 9*v**2 + 23*v + 116. What are the prime factors of g(10)?
2, 7, 19, 31
Suppose -2*o - 26*l + 22*l = -23840, -l - 47707 = -4*o. List the prime factors of o.
2, 67, 89
List the prime factors of (-20)/8*185976/(-20).
3, 7, 41
What are the prime factors of -297*(-9)/(-18)*10/(-15)?
3, 11
Let w(u) = 111*u - 39. Let x be w(4). List the prime factors of -2*(x/2)/(-9) + 4.
7
What are the prime factors of (1648632/(-2190))/(2/(-15))?
2, 3, 941
Let u = -93 - -63. What are the prime factors of (-15)/(u/(-4)) - (1 + -368)?
5, 73
Let t be 558/310 + (-2)/(-20)*2. Suppose -4*g - p + 0*p = -1489, -t*g - 5*p = -767. List the prime factors of g.
7, 53
List the prime factors of (1350/(-125))/27 - 13254/(-10).
5, 53
Suppose 0 = 18*f - 14*f - 96. Suppose -12*j - f = -0*j. Let k(y) = 50*y**2 + y + 6. List the prime factors of k(j).
2, 3, 17
Let j = 475 + -89. Let z = j + -34. List the prime factors of z.
2, 11
Let h(x) = x**3 + 10*x**2 + 4*x - 3. Let q be h(-7). Suppose 2*o - 4*f + 154 = 0, -f = -5*o + q - 456. Let s = 31 - o. What are the prime factors of s?
2, 7
Let c(f) = f - 6. Let y = 7 + -2. Let a be c(y). Let j = a - -92. List the prime factors of j.
7, 13
What are the prime factors of (424/12)/((-220608)/(-11610) + -19)?
2, 5, 43, 53
Let w(d) = 33*d + 50 - 13*d + 7 - 14*d. What are the prime factors of w(8)?
3, 5, 7
Suppose -2861 = 24*k + 4435. What are the prime factors of (39/(-26))/(12/k)?
2, 19
Let q be 139992/722 - (-2)/19. Let d = q - -4. What are the prime factors of d?
2, 3, 11
Suppose 5*u + 9 = 224. Let f = u + -19. List the prime factors of (f/(-14))/(135/140 + -1).
2, 3
Let c = -3800 - -24457. List the prime factors of c.
7, 13, 227
Suppose 3762 = 2*y + 1418. Suppose -1184*t = -y*t - 14760. List the prime factors of t.
2, 3, 5, 41
Let j(t) = t**3 - 8*t**2 + 4*t + 26. Let l be j(7). Suppose 2*o - 3*n = 5*o - 696, -2*n = l*o - 1175. List the prime factors of o.
3, 79
Let g(t) = 10*t - 27. Let v(k) = -3*k + 9. Let l(r) = 4*g(r) + 11*v(r). Let y be l(2). What are the prime factors of (1/(-2))/(y/(-3240)*3)?
2, 3
Let f = 220 + -324. Let x be 4/(-26) + (-536)/f. Suppose 4*u = -3*c + 283 + 343, -x*u - 4*c = -783. List the prime factors of u.
5, 31
List the prime factors of 7*1/(5/(-680)*-8).
7, 17
Let r = 4320 - -6831. List the prime factors of r.
3, 7, 59
Let v(q) = 2*q**2 + 11*q + 15. Let f be v(-8). Let c = f + -120. Let j = c - -100. List the prime factors of j.
5, 7
Let i = -1560 - -2753. Suppose 2*f = 2*h + 476, h - 5*h = -5*f + i. What are the prime factors of f?
241
Let s(y) = 16*y + 23. Suppose -11 = 25*v - 26*v. Let t(k) = 31*k + 46. Let r(o) = v*s(o) - 6*t(o). What are the prime factors of r(-7)?
47
Suppose 17 = 3*b + 2*g - 6*g, 0 = -b - 3*g - 16. List the prime factors of 5/20 + b/((-4)/911).
2, 3, 19
Let r(g) = g**3 - 26*g**2 + 32*g + 9. Let b be ((-200)/(-12))/(10/15). What are the prime factors of r(b)?
2, 23
Let y(o) = 3*o**2 + 3*o + 2. Let j be y(-2). Suppose p = -3*a + j*a - 3390, -2*a - 5*p = -1383. List the prime factors of a.
7, 97
Let h = -106 - -785. Let s = 1002 - h. List the prime factors of s.
17, 19
Suppose 3653119 = 190*j - 2888011. What are the prime factors of j?
173, 199
Suppose 0 = 11*x + 621 + 3075. Let p be ((-14)/4)/(14/x). Let w = 178 - p. List the prime factors of w.
2, 47
List the prime factors of 17808945/3630 + 1/(-22).
2, 11, 223
Suppose 6*t = -2*u + 3471 + 2443, -4*t - u + 3942 = 0. What are the prime factors of t?
5, 197
Let r(z) be the third derivative of 79*z**4/24 + 7*z**3/2 - 11*z**2. Let m be r(5). Let t = -264 + m. What are the prime factors of t?
2, 19
Let l be (2/6*18)/2. Let x(z) = 79*z - 2. What are the prime factors of x(l)?
5, 47
Let p = 146860 + -81790. List the prime factors of p.
2, 3, 5, 241
Let y be (2 + (-52)/2)*443. What are the prime factors of 8/10 + y/(-60)?
2, 89
Let k(w) be the second derivative of -w**5/20 - w**4/12 - w**3/3 + 10*w**2 - 5*w - 1. List the prime factors of k(-9).
2, 7
Let q = 33 + -25. Suppose -z - 5 = -q. Suppose -3 = z*r - 135. What are the prime factors of r?
2, 11
Let m = 2984 + 1633. What are the prime factors of m?
3, 19
List the prime factors of (-26 + -877)*7/((-21)/57).
3, 7, 19, 43
Let y(v) = -v**2 + 30*v - 24. Let d be y(13). Suppose 5*m - 5*f = -0*m + 325, 3*m - d = f. List the prime factors of (m - 1) + 4/8*-4.
3, 7
What are the prime factors of (9516/(-8))/(54/(-72)) - -4?
2, 3, 5, 53
Suppose 2882 = n + 10*n. Suppose -l + 4*t + n = 0, -6*l = -4*l + 5*t - 524. List the prime factors of l.
2, 131
Let k be (7/((-175)/10))/((-1)/5). Suppose -k*o + 21 = o. Suppose o*f - 5*f - 178 = 0. What are the prime factors of f?
89
Let y be (-3)/(-6) + 36/24. Let l be y - (-5 + 4) - (-1 - -34). List the prime factors of (-9)/l*458 - (-4)/(-10).
137
Suppose -3*j - 845 + 203 = 0. Let s = j - -455. What are the prime factors of s?
241
Suppose 3*s - 1334 + 5923 = 4*j, 0 = j + s - 1142. Suppose j = 5*u - 5*q, -q + 1115 = 5*u - 0*q. Suppose u + 18 = i. What are the prime factors of i?
2, 11
Let u = 73336 - 50548. What are the prime factors of u?
2, 3, 211
Let v = -53 - -98. Let s = v - 43. Suppose -45 = -s*n + 85. What are the prime factors of n?
5, 13
Suppose 4*c = 5*c - 2. Let n be (4 + -2 - (1 - 0)) + c. Suppose -5*v + 54 = i - 2*i, n*i = -12. Li